(133)?
1
Let j(h) = -331*h - 3591. Give j(-10).
-281
Let n(g) = 4542*g - 140739. What is n(31)?
63
Let t(l) = 552694*l - 6079642. Calculate t(11).
-8
Let m(l) = -1359*l + 29954. What is m(22)?
56
Let l(x) = -98253*x + 294764. Determine l(3).
5
Let c(h) = 125*h**2 + 4362*h - 468. Give c(-35).
-13
Let d(p) = 89*p - 11372. Calculate d(129).
109
Let d(s) = -2*s**3 + 9*s**2 - 278*s + 733. Calculate d(3).
-74
Let m(a) = 1025*a - 15608. Calculate m(15).
-233
Let x(b) = 8695*b - 217378. Determine x(25).
-3
Let s(w) = -w**2 - 40586*w + 243566. Give s(6).
14
Let v(i) = 1032*i**2 - 5151*i - 17. Calculate v(5).
28
Let s(x) = 5*x**2 - 94*x + 5. What is s(8)?
-427
Let o(v) = 49078*v - 2355731. What is o(48)?
13
Let c(g) = 283*g + 8137. Give c(-34).
-1485
Let t(m) = 20*m**2 + 2413*m - 212. Calculate t(-122).
3082
Let j(d) = -29*d**2 - 5876*d + 8177. What is j(-204)?
17
Let o(a) = 2*a**3 + 43*a**2 + 1578*a - 1621. What is o(1)?
2
Let i(g) = -7953*g - 174957. What is i(-22)?
9
Let q(x) = 6*x**2 + 776*x + 3682. Determine q(-133).
6608
Let h(u) = 2280*u + 14793. What is h(-6)?
1113
Let b(a) = 21844*a - 87369. Give b(4).
7
Let w(s) = 12*s**2 - 124*s - 117. Determine w(-8).
1643
Let s(p) = 4*p**3 + 33*p**2 + 1261*p + 8387. What is s(-7)?
-195
Let b(o) = o**2 + 434*o - 14236. Calculate b(31).
179
Let k(j) = -985*j + 289581. Determine k(294).
-9
Let x(q) = 2*q**3 - 144*q**2 + 381*q - 27663. Determine x(72).
-231
Let z(i) = 3*i**3 - 109*i**2 + 240*i - 66. What is z(34)?
2
Let n(u) = 8*u**3 - 1538*u**2 + 350*u + 6515. Calculate n(192).
-13
Let p(b) = -74446*b - 1935603. Give p(-26).
-7
Let c(t) = -288*t - 10607. Calculate c(-37).
49
Let c(p) = 582*p - 46577. Determine c(80).
-17
Let z(x) = -366*x**2 + 4468*x - 960. Calculate z(12).
-48
Let i(b) = -b**3 + 147*b**2 - 2438*b + 103. Determine i(19).
-11
Let n(l) = -18*l**3 - 197*l**2 + 47*l + 388. Determine n(-11).
-8
Let c(b) = -25019*b + 249917. Calculate c(10).
-273
Let s(y) = -y**3 - 241*y**2 + 162*y - 19279. Give s(-242).
81
Let l(y) = 5*y**3 - 1085*y**2 + 1083*y - 632. Give l(216).
16
Let c(s) = s**3 - 147*s**2 + 5293*s - 76. Calculate c(84).
8
Let j(w) = -2194*w - 14747. Determine j(-7).
611
Let h(c) = -c**2 - 423*c - 2640. Give h(0).
-2640
Let z(n) = 1034*n**3 + n**2 + 118*n + 116. What is z(-1)?
-1035
Let b(m) = -m**3 + 106*m**2 - 1198*m - 292. Determine b(93).
731
Let d(g) = 2*g**2 - 58*g - 12023. Calculate d(89).
-1343
Let b(u) = u**2 + 12700*u + 2389218. What is b(-191)?
-1
Let f(g) = -3075151*g - 6150282. What is f(-2)?
20
Let u(a) = -298*a + 17265. Determine u(58).
-19
Let i(t) = t**3 - 26*t**2 - 428*t + 138. Determine i(-12).
-198
Let g(z) = -1697*z - 220632. Give g(-130).
-22
Let f(n) = -90*n**2 + 3654*n + 13458. What is f(44)?
-6
Let k(x) = -43485*x - 391078. Calculate k(-9).
287
Let g(p) = -6*p**2 + 4569*p - 120689. Determine g(734).
421
Let w(d) = d**2 + 3163*d + 25229. Give w(-8).
-11
Let k(y) = -y**2 - 1194626*y - 1194627. Determine k(-1).
-2
Let v(h) = -h**2 + 7516*h + 838865. Determine v(-110).
5
Let k(g) = -g**2 - 133*g - 647. Calculate k(-8).
353
Let i(m) = -2841*m - 3084. What is i(-2)?
2598
Let r(m) = 16692*m + 3021262. What is r(-181)?
10
Let c(o) = -10*o**2 + 1152*o + 5866. Calculate c(-5).
-144
Let t(i) = 13702*i + 5234170. Calculate t(-382).
6
Let i(j) = -2*j**3 - 60*j**2 + 96*j + 404. What is i(-31)?
-650
Let i(y) = -y**3 + 8*y**2 + 2894*y + 6767. Calculate i(59).
-18
Let w(z) = 1389*z - 48629. Determine w(35).
-14
Let n(b) = 206*b + 14874. Give n(-74).
-370
Let z(d) = 26344*d + 5663954. What is z(-215)?
-6
Let h(d) = 970*d**2 + 63050*d + 3. Calculate h(-65).
3
Let l(m) = -467*m**2 + 96202*m - 26. Calculate l(206).
-26
Let u(f) = -7103*f - 2244531. Calculate u(-316).
17
Let z(x) = -x**3 + 11*x**2 + 84*x - 667. Determine z(8).
197
Let v(z) = -10*z**3 + 221*z**2 - 422*z + 33. Calculate v(20).
-7
Let h(b) = b**2 - 23*b - 3537. Give h(74).
237
Let i(k) = 3619*k - 18121. What is i(5)?
-26
Let d(z) = 329*z + 1620. Calculate d(-5).
-25
Let u(n) = -3*n**3 + 11*n**2 + 2*n - 121. Calculate u(-3).
53
Let h(l) = -23030*l + 92047. Give h(4).
-73
Let j(h) = 1651*h - 17288. Give j(11).
873
Let p(a) = 4*a**3 + 163*a**2 - 79*a + 126. Give p(-41).
1684
Let a(t) = -t**3 + 884*t**2 - 23992*t + 20555. Give a(856).
11
Let x(s) = 3*s**2 + 80642*s + 483763. What is x(-6)?
19
Let v(b) = 6*b**2 + 2226*b + 6628. Calculate v(-368).
4
Let u(j) = -1553*j**2 + 14212*j + 10. Calculate u(9).
2125
Let r(a) = -75*a + 2080. Give r(24).
280
Let y(j) = -164773*j + 2801129. Give y(17).
-12
Let s(q) = q**3 - 46*q**2 + 38256*q - 1840889. Calculate s(48).
7
Let d(r) = r**3 + 18*r**2 + 105*r + 1911. Calculate d(-18).
21
Let n(p) = -44*p**3 + 787*p**2 - 1569*p - 10. Determine n(2).
-352
Let z(g) = 14*g**3 + 727*g**2 - 48*g + 160. What is z(-52)?
-48
Let q(g) = -9*g**2 + 50*g + 27. Calculate q(14).
-1037
Let d(w) = -26534*w + 291881. Give d(11).
7
Let t(k) = -2*k**3 + 266*k**2 - 267*k + 30. Determine t(132).
-366
Let w(t) = -59*t**3 + 1006*t**2 - 53*t + 2. Determine w(17).
-32
Let f(y) = y**3 - 217*y**2 + 6065*y + 1291. Calculate f(184).
3
Let g(u) = u**3 + u**2 + 267*u + 203. Give g(0).
203
Let h(s) = -90*s**2 - 288*s + 803. What is h(-5)?
-7
Let i(t) = 3*t**3 - 966*t**2 - 4908*t + 1106. What is i(327)?
125
Let s(j) = 177*j - 3128. Give s(23).
943
Let o(n) = -10371*n - 6056686. Calculate o(-584).
-22
Let x(a) = -1010*a - 12131. Give x(-14).
2009
Let z(s) = -s**3 - 41*s**2 + 6803*s + 314138. Calculate z(-49).
-1
Let d(z) = -422*z - 3650. What is d(-6)?
-1118
Let d(o) = -3*o**3 - 28*o**2 - 162*o - 9. Determine d(-8).
1031
Let k(d) = -19968*d + 1896941. Calculate k(95).
-19
Let m(r) = -10*r**2 + 827*r - 5786. Calculate m(7).
-487
Let g(u) = 4*u**2 - 560*u - 7943. What is g(-13)?
13
Let f(h) = -8948*h - 17902. Determine f(-2).
-6
Let p(g) = -2*g**2 + 8815*g - 401207. What is p(46)?
51
Let j(i) = 2*i**2 + 1362*i - 8117. What is j(6)?
127
Let q(a) = 87*a**3 + 3*a**2 + 10*a - 33. Determine q(-2).
-737
Let d(l) = 4816*l + 654991. Give d(-136).
15
Let r(x) = 218957*x + 12. Calculate r(0).
12
Let x(u) = -u**3 + 145*u**2 - 404*u - 2328. Calculate x(142).
796
Let l(a) = -3*a**3 + 6016*a**2 + 90920*a + 66. Give l(-15).
-9
Let b(j) = 2*j**2 - 670*j - 41127. Determine b(-53).
1
Let l(q) = -q**2 - 8830*q - 114644. Give l(-13).
-23
Let i(g) = 196*g + 6089. Give i(-28).
601
Let f(i) = 7*i**2 + 94669*i + 1323996. What is f(-14)?
2
Let r(s) = -1100*s + 24770. Determine r(22).
570
Let r(m) = 332*m**2 + 2061*m - 12588. Determine r(-10).
2
Let g(q) = 2*q**2 + 146583*q - 879600. What is g(6)?
-30
Let p(t) = -36*t**2 + 93*t - 670. What is p(9)?
-2749
Let v(y) = -34*y**2 - 2039*y - 30544. What is v(-29)?
-7
Let p(b) = 2*b**3 + 202*b**2 - 109*b - 4. Determine p(0).
-4
Let x(w) = 9357*w - 56182. Determine x(6).
-40
Let j(t) = -1094*t - 8484. Calculate j(-8).
268
Let t(f) = 12383*f + 74217. What is t(-6)?
-81
Let l(x) = x**2 + 5232*x - 533342. What is l(100)?
-142
Let l(v) = 3*v**3 + 139*v**2 - 389*v + 151. Determine l(-49).
4
Let k(a) = a**2 + 46*a - 1716. Determine k(19).
-481
Let b(r) = -6*r**2 - 82*r + 3427. Give b(-36).
-1397
Let l(u) = -20999*u + 7874624. Determine l(375).
-1
Let b(z) = 6*z**3 + 29*z**2 - 96*z + 62. What is b(3)?
197
Let x(s) = -92*s**3 + 13*s**2 + 25*s + 4. Give x(-2).
742
Let u(c) = -c**3 - 7*c**2 + 42*c - 54. Calculate u(-8).
-326
Let j(y) = -y**3 + 63*y**2 - 314*y - 1594. Give j(57).
2
Let j(h) = 54*h**2 + 254*h - 139. Calculate j(-11).
3601
Let n(d) = 50*d - 8860. Determine n(177).
-10
Let f(t) = 436*t + 902. Calculate f(-2).
30
Let t(v) = -2*v**2 + 2388*v - 650163. What is t(420)?
-3
Let w(g) = -641*g + 63368. Determine w(97).
1191
Let m(j) = 13879*j + 2553753. Determine m(-184).
17
Let u(h) = -h**3 + 175*h**2 + 38*h + 297704. Give u(184).
-8
Let k(q) = -23*q**2 - 39*q - 820. Determine k(-15).
-5410
Let d(z) = -2*z**3 + 36*z**2 - 1379*z + 19282. Give d(15).
-53
Let o(w) = -94*w**2 - 940*w + 26. What is o(-10)?
26
Let o(g) = -g**2 + 123733*g + 742437. What is o(-6)?
3
Let j(l) = -538*l + 11883. Calculate j(19).
1661
Let g(m) = -73404*m + 73411. What is g(1)?
7
Let s(f) = 82*f + 6025. Calculate s(-74).
-43
Let f(q) = -127*q**2 - 2489*q - 14952. Determine f(-6).
-4590
Let t(f) = f**3 + 113*f**2 + 225*f + 1. What is t(-2)?
-5
Let i(